{"id":9,"date":"2020-02-03T18:25:42","date_gmt":"2020-02-03T17:25:42","guid":{"rendered":"http:\/\/la-continuite-devoilee.com\/?page_id=9"},"modified":"2020-03-30T19:37:25","modified_gmt":"2020-03-30T17:37:25","slug":"accompagnement","status":"publish","type":"page","link":"https:\/\/la-continuite-devoilee.com\/index.php\/accompagnement\/","title":{"rendered":"L&rsquo;ACCOMPAGNEMENT"},"content":{"rendered":"\n<h1 class=\"has-luminous-vivid-amber-color has-text-color wp-block-heading\"><strong>L&rsquo;ACCOMPAGNEMENT<\/strong><\/h1>\n\n\n\n<h3 class=\"wp-block-heading\">\u00ab\u00a0<strong>TOUT CEUX <\/strong><br><strong>QUI PEUVENT PORTER AMOUR <\/strong><br><strong>SONT ACCOMPAGN\u00c9S, <\/strong><br><br><strong>AFIN <br>D&rsquo;ENCORE MIEUX <\/strong><br><strong>PORTER AMOUR<\/strong><\/h3>\n\n\n\n<h3 class=\"wp-block-heading\"><br><strong>TOUT CE <\/strong><br><strong>QUI PEUT VOUS AIDER <\/strong><br><strong>\u00c0 MIEUX PORTER AMOUR <\/strong><br><strong>EST AUSSI ACCOMPAGN\u00c9<\/strong><\/h3>\n\n\n\n<h2 class=\"wp-block-heading\"><\/h2>\n\n\n\n<figure class=\"wp-block-image size-large is-resized\"><img loading=\"lazy\" decoding=\"async\" src=\"http:\/\/la-continuite-devoilee.com\/wp-content\/uploads\/2020\/02\/WEB_000_SCHEMCONT_NotreDOMAINE_MarkPaj_TextLogoCadreNoir_K800_copie-1024x355.png\" alt=\"\" class=\"wp-image-157\" width=\"1180\" height=\"409\" srcset=\"https:\/\/la-continuite-devoilee.com\/wp-content\/uploads\/2020\/02\/WEB_000_SCHEMCONT_NotreDOMAINE_MarkPaj_TextLogoCadreNoir_K800_copie-1024x355.png 1024w, https:\/\/la-continuite-devoilee.com\/wp-content\/uploads\/2020\/02\/WEB_000_SCHEMCONT_NotreDOMAINE_MarkPaj_TextLogoCadreNoir_K800_copie-300x104.png 300w, https:\/\/la-continuite-devoilee.com\/wp-content\/uploads\/2020\/02\/WEB_000_SCHEMCONT_NotreDOMAINE_MarkPaj_TextLogoCadreNoir_K800_copie-768x266.png 768w, https:\/\/la-continuite-devoilee.com\/wp-content\/uploads\/2020\/02\/WEB_000_SCHEMCONT_NotreDOMAINE_MarkPaj_TextLogoCadreNoir_K800_copie.png 1252w\" sizes=\"auto, (max-width: 767px) 89vw, (max-width: 1000px) 54vw, (max-width: 1071px) 543px, 580px\" \/><\/figure>\n\n\n\n<h3 class=\"wp-block-heading\"><em><br><\/em><strong>L&rsquo;ACCOMPAGNEMENT<\/strong><br><strong>EST LA FORME PRINCIPALE <br>DE L&rsquo;AMOUR PORT\u00c9 <\/strong><\/h3>\n\n\n\n<h2 class=\"has-vivid-green-cyan-color has-text-color wp-block-heading\"><strong>PAR CEUX CONSTITUANT <br>LA SOURCE  AMOUR<\/strong><\/h2>\n\n\n\n<h2 class=\"has-light-green-cyan-color has-text-color has-text-align-right wp-block-heading\"><em><strong>\u00catres de lumi\u00e8re<br>\u00c2mes guides<br>ANGES<\/strong><\/em><br><\/h2>\n\n\n\n<p>LEUR ACCOMPAGNEMENT <br>TEND \u00c0 VOUS FAIRE D\u00c9SIRER<br>DE PORTER AMOUR<br>DE MANI\u00c8RE SPONTAN\u00c9E <br>ET INCONDITIONNELLE<\/p>\n\n\n\n<p>SELON VOTRE MANI\u00c8RE<br>DE PORTER AMOUR<br>DANS VOTRE EXISTENCE <br>MAT\u00c9RIELLE ACTUELLE <\/p>\n\n\n\n<p>SELON VOTRE INTENTION <br>DE CONTINUER <br>\u00c0 VOULOIR PORTER AMOUR <br>AU DEL\u00c0 <br>DE VOTRE EXISTENCE MAT\u00c9RIELLE<\/p>\n\n\n\n<p><br>LES PORTES <br>DE<\/p>\n\n\n\n<p class=\"has-text-color has-light-green-cyan-color\"><strong> LA CONTINUIT\u00c9 DE L&rsquo;AMOUR<\/strong><\/p>\n\n\n\n<p> VOUS SONT OUVERTES <br><\/p>\n\n\n\n<p><br><strong>L&rsquo;ACCOMPAGNEMENT <\/strong><br>DE TOUS CEUX <br>DE <\/p>\n\n\n\n<p class=\"has-text-color has-light-green-cyan-color\"><strong>LA CONTINUIT\u00c9 DE L&rsquo;AMOUR<\/strong><\/p>\n\n\n\n<p>TEND \u00c0 VOUS FAIRE D\u00c9SIRER<br> VENIR PORTER AMOUR <br>\u00c0 LEUR C\u00d4T\u00c9<br><br>POUR ACCOMPAGNER <br>\u00c0 VOTRE TOUR<br><br><\/p>\n\n\n\n<p>CEUX CONSTITUANT<\/p>\n\n\n\n<h4 class=\"has-light-green-cyan-color has-text-color wp-block-heading\"> LA SOURCE  AMOUR<\/h4>\n\n\n\n<p>SONT <br><strong>VOTRE CONTINUIT\u00c9 PROPOS\u00c9E, <\/strong><br>EN LEUR DOMAINE . \u00ab\u00a0<\/p>\n\n\n\n<p><\/p>\n\n\n\n<p><\/p>\n\n\n\n<p class=\"has-text-color has-background has-text-align-right has-small-font-size has-light-green-cyan-color has-very-dark-gray-background-color\">_______<br>Extrait du LIVRE ABSOLU<\/p>\n","protected":false},"excerpt":{"rendered":"<p>L&rsquo;ACCOMPAGNEMENT \u00ab\u00a0TOUT CEUX QUI PEUVENT PORTER AMOUR SONT ACCOMPAGN\u00c9S, AFIN D&rsquo;ENCORE MIEUX PORTER AMOUR TOUT CE QUI PEUT VOUS AIDER \u00c0 MIEUX PORTER AMOUR EST AUSSI ACCOMPAGN\u00c9 L&rsquo;ACCOMPAGNEMENTEST LA FORME PRINCIPALE DE L&rsquo;AMOUR PORT\u00c9 PAR CEUX CONSTITUANT LA SOURCE AMOUR \u00catres de lumi\u00e8re\u00c2mes guidesANGES LEUR ACCOMPAGNEMENT TEND \u00c0 VOUS FAIRE D\u00c9SIRERDE PORTER AMOURDE MANI\u00c8RE SPONTAN\u00c9E &hellip; <\/p>\n<p class=\"link-more\"><a href=\"https:\/\/la-continuite-devoilee.com\/index.php\/accompagnement\/\" class=\"more-link\">Continuer la lecture<span class=\"screen-reader-text\"> de &laquo;&nbsp;L&rsquo;ACCOMPAGNEMENT&nbsp;&raquo;<\/span><\/a><\/p>\n","protected":false},"author":1,"featured_media":0,"parent":0,"menu_order":3,"comment_status":"closed","ping_status":"closed","template":"","meta":{"footnotes":""},"class_list":["post-9","page","type-page","status-publish","hentry"],"_links":{"self":[{"href":"https:\/\/la-continuite-devoilee.com\/index.php\/wp-json\/wp\/v2\/pages\/9","targetHints":{"allow":["GET"]}}],"collection":[{"href":"https:\/\/la-continuite-devoilee.com\/index.php\/wp-json\/wp\/v2\/pages"}],"about":[{"href":"https:\/\/la-continuite-devoilee.com\/index.php\/wp-json\/wp\/v2\/types\/page"}],"author":[{"embeddable":true,"href":"https:\/\/la-continuite-devoilee.com\/index.php\/wp-json\/wp\/v2\/users\/1"}],"replies":[{"embeddable":true,"href":"https:\/\/la-continuite-devoilee.com\/index.php\/wp-json\/wp\/v2\/comments?post=9"}],"version-history":[{"count":30,"href":"https:\/\/la-continuite-devoilee.com\/index.php\/wp-json\/wp\/v2\/pages\/9\/revisions"}],"predecessor-version":[{"id":854,"href":"https:\/\/la-continuite-devoilee.com\/index.php\/wp-json\/wp\/v2\/pages\/9\/revisions\/854"}],"wp:attachment":[{"href":"https:\/\/la-continuite-devoilee.com\/index.php\/wp-json\/wp\/v2\/media?parent=9"}],"curies":[{"name":"wp","href":"https:\/\/api.w.org\/{rel}","templated":true}]}}