{"id":355,"date":"2020-02-18T13:58:56","date_gmt":"2020-02-18T12:58:56","guid":{"rendered":"http:\/\/la-continuite-devoilee.com\/?page_id=355"},"modified":"2022-12-22T17:39:46","modified_gmt":"2022-12-22T16:39:46","slug":"dessins-commentes","status":"publish","type":"page","link":"https:\/\/la-continuite-devoilee.com\/index.php\/dessins-commentes\/","title":{"rendered":"DESSINS COMMENT\u00c9S."},"content":{"rendered":"\n<p><\/p>\n\n\n\n<figure class=\"wp-block-image size-large is-resized\"><img loading=\"lazy\" decoding=\"async\" src=\"http:\/\/la-continuite-devoilee.com\/wp-content\/uploads\/2020\/02\/DESSINS_COMPLEMENTAIRES_K5.png\" alt=\"\" class=\"wp-image-359\" width=\"489\" height=\"785\" srcset=\"https:\/\/la-continuite-devoilee.com\/wp-content\/uploads\/2020\/02\/DESSINS_COMPLEMENTAIRES_K5.png 337w, https:\/\/la-continuite-devoilee.com\/wp-content\/uploads\/2020\/02\/DESSINS_COMPLEMENTAIRES_K5-187x300.png 187w\" sizes=\"auto, (max-width: 489px) 100vw, 489px\" \/><\/figure>\n\n\n\n<p><em>LIRE.  REGARDER <\/em><\/p>\n\n\n\n<p class=\"has-large-font-size\"><strong>LES DESSINS COMMENT\u00c9S<\/strong><\/p>\n\n\n\n<p><br>REPR\u00c9SENTENT LA FA\u00c7ON<br>DONT &lsquo;le transcripteur&rsquo;<br>RE\u00c7OIT<br>CERTAINES INFORMATIONS <br>N\u00c9CESSITANT DES PR\u00c9CISIONS<br>QUE SEUL LE DESSIN PEUT APPORTER<\/p>\n\n\n\n<p>LES COMMENTAIRES <br>SONT \u00c0 LA FOIS <br>CEUX DONN\u00c9S PAR NOUS, <\/p>\n\n\n\n<p><br>MAIS AUSSI <br>CEUX DU &lsquo;transcripteur&rsquo;<br>SUR LA FA\u00c7ON<br>DONT CES DESSINS<br>LUI ONT \u00c9T\u00c9 APPORT\u00c9S<\/p>\n\n\n\n<p>CE DOCUMENT<br>EST G\u00c9N\u00c9RALEMENT<br>DESTIN\u00c9S<br>\u00c0 CEUX AYANT PARTICIP\u00c9<br>\u00c0 DES FORMATIONS<br><br>ET FAIT SUITE<br>AUX<\/p>\n\n\n\n<p class=\"has-luminous-vivid-amber-color has-text-color has-normal-font-size\">\u00ab\u00a0DONN\u00c9ES COMPL\u00c9MENTAIRES\u00a0\u00bb<\/p>\n\n\n\n<p><\/p>\n\n\n\n<p><em>PROCHAINEMENT DISPONIBLE<\/em><\/p>\n\n\n\n<p><\/p>\n\n\n\n<div class=\"wp-block-buttons is-layout-flex wp-block-buttons-is-layout-flex\">\n<div class=\"wp-block-button\"><a class=\"wp-block-button__link wp-element-button\" href=\"https:\/\/vimeo.com\/720398247\">ouvrir <br>le premier disponible<\/a><\/div>\n<\/div>\n","protected":false},"excerpt":{"rendered":"<p>LIRE. REGARDER LES DESSINS COMMENT\u00c9S REPR\u00c9SENTENT LA FA\u00c7ONDONT &lsquo;le transcripteur&rsquo;RE\u00c7OITCERTAINES INFORMATIONS N\u00c9CESSITANT DES PR\u00c9CISIONSQUE SEUL LE DESSIN PEUT APPORTER LES COMMENTAIRES SONT \u00c0 LA FOIS CEUX DONN\u00c9S PAR NOUS, MAIS AUSSI CEUX DU &lsquo;transcripteur&rsquo;SUR LA FA\u00c7ONDONT CES DESSINSLUI ONT \u00c9T\u00c9 APPORT\u00c9S CE DOCUMENTEST G\u00c9N\u00c9RALEMENTDESTIN\u00c9S\u00c0 CEUX AYANT PARTICIP\u00c9\u00c0 DES FORMATIONS ET FAIT SUITEAUX \u00ab\u00a0DONN\u00c9ES COMPL\u00c9MENTAIRES\u00a0\u00bb PROCHAINEMENT &hellip; <\/p>\n<p class=\"link-more\"><a href=\"https:\/\/la-continuite-devoilee.com\/index.php\/dessins-commentes\/\" class=\"more-link\">Continuer la lecture<span class=\"screen-reader-text\"> de &laquo;&nbsp;DESSINS COMMENT\u00c9S.&nbsp;&raquo;<\/span><\/a><\/p>\n","protected":false},"author":1,"featured_media":0,"parent":0,"menu_order":0,"comment_status":"closed","ping_status":"closed","template":"","meta":{"footnotes":""},"class_list":["post-355","page","type-page","status-publish","hentry"],"_links":{"self":[{"href":"https:\/\/la-continuite-devoilee.com\/index.php\/wp-json\/wp\/v2\/pages\/355","targetHints":{"allow":["GET"]}}],"collection":[{"href":"https:\/\/la-continuite-devoilee.com\/index.php\/wp-json\/wp\/v2\/pages"}],"about":[{"href":"https:\/\/la-continuite-devoilee.com\/index.php\/wp-json\/wp\/v2\/types\/page"}],"author":[{"embeddable":true,"href":"https:\/\/la-continuite-devoilee.com\/index.php\/wp-json\/wp\/v2\/users\/1"}],"replies":[{"embeddable":true,"href":"https:\/\/la-continuite-devoilee.com\/index.php\/wp-json\/wp\/v2\/comments?post=355"}],"version-history":[{"count":11,"href":"https:\/\/la-continuite-devoilee.com\/index.php\/wp-json\/wp\/v2\/pages\/355\/revisions"}],"predecessor-version":[{"id":1092,"href":"https:\/\/la-continuite-devoilee.com\/index.php\/wp-json\/wp\/v2\/pages\/355\/revisions\/1092"}],"wp:attachment":[{"href":"https:\/\/la-continuite-devoilee.com\/index.php\/wp-json\/wp\/v2\/media?parent=355"}],"curies":[{"name":"wp","href":"https:\/\/api.w.org\/{rel}","templated":true}]}}