{"id":197,"date":"2020-02-16T11:30:54","date_gmt":"2020-02-16T10:30:54","guid":{"rendered":"http:\/\/la-continuite-devoilee.com\/?page_id=197"},"modified":"2020-02-18T17:39:39","modified_gmt":"2020-02-18T16:39:39","slug":"la-continuite-devoilee","status":"publish","type":"page","link":"https:\/\/la-continuite-devoilee.com\/index.php\/la-continuite-devoilee\/","title":{"rendered":"LA CONTINUIT\u00c9 D\u00c9VOIL\u00c9E"},"content":{"rendered":"\n<figure class=\"wp-block-image size-large is-resized\"><img loading=\"lazy\" decoding=\"async\" src=\"http:\/\/la-continuite-devoilee.com\/wp-content\/uploads\/2020\/02\/LOGO_LIVRABSOLU_K2.jpg\" alt=\"\" class=\"wp-image-264\" width=\"216\" height=\"215\" srcset=\"https:\/\/la-continuite-devoilee.com\/wp-content\/uploads\/2020\/02\/LOGO_LIVRABSOLU_K2.jpg 588w, https:\/\/la-continuite-devoilee.com\/wp-content\/uploads\/2020\/02\/LOGO_LIVRABSOLU_K2-300x300.jpg 300w, https:\/\/la-continuite-devoilee.com\/wp-content\/uploads\/2020\/02\/LOGO_LIVRABSOLU_K2-150x150.jpg 150w, https:\/\/la-continuite-devoilee.com\/wp-content\/uploads\/2020\/02\/LOGO_LIVRABSOLU_K2-100x100.jpg 100w\" sizes=\"auto, (max-width: 216px) 100vw, 216px\" \/><\/figure>\n\n\n\n<p><strong>L&rsquo;ENSEMBLE <br>DES DOCUMENTS PR\u00c9SENT\u00c9S ICI,<br> ONT \u00c9T\u00c9S RECUEILLIS&nbsp;<\/strong><\/p>\n\n\n\n<p><strong><em>par \u201cun scribe\u201d, <\/em><\/strong><br><strong><em>par \u201cun transcripteur\u201d,<\/em><\/strong><\/p>\n\n\n\n<p><strong><em>recevant&nbsp;<\/em><\/strong><\/p>\n\n\n\n<p><strong><em>par \u00ab\u00a0channelling\u00a0\u00bb, <br>par&nbsp; canalisation,<\/em><\/strong><\/p>\n\n\n\n<p><strong>des communications<br>aupr\u00e8s <br>du PREMIER ANGE AMOUR<\/strong><\/p>\n\n\n\n<figure class=\"wp-block-image size-large is-resized\"><img loading=\"lazy\" decoding=\"async\" src=\"http:\/\/la-continuite-devoilee.com\/wp-content\/uploads\/2020\/02\/NAV_SECT_G_PROPOS_TRANSCRITS_ANGES_K3-copie.png\" alt=\"\" class=\"wp-image-134\" width=\"242\" height=\"412\" srcset=\"https:\/\/la-continuite-devoilee.com\/wp-content\/uploads\/2020\/02\/NAV_SECT_G_PROPOS_TRANSCRITS_ANGES_K3-copie.png 490w, https:\/\/la-continuite-devoilee.com\/wp-content\/uploads\/2020\/02\/NAV_SECT_G_PROPOS_TRANSCRITS_ANGES_K3-copie-177x300.png 177w\" sizes=\"auto, (max-width: 242px) 100vw, 242px\" \/><\/figure>\n\n\n\n<p>CONSULTER<br>&lsquo;le transcripteur&rsquo;<br>PROPOS TRANSCRITS<br><\/p>\n\n\n\n<p>______________<\/p>\n\n\n\n<p><strong>LA FINALIT\u00c9<\/strong><\/p>\n\n\n\n<p class=\"has-large-font-size\">des paroles, <br>des textes, <br>des visuels<br>des messages,<\/p>\n\n\n\n<p class=\"has-medium-font-size\"><strong>AINSI RECUEILLIS<br> S\u2019AV\u00c8RE \u00caTRE <br>DE NATURE<br>\u00c0 R\u00c9V\u00c9LER&nbsp;<\/strong><\/p>\n\n\n\n<h2 class=\"has-text-align-left wp-block-heading\"><strong>LA CONTINUIT\u00c9 POSSIBLE <\/strong><br><strong>DE L&rsquo;AMOUR<\/strong><br><strong>AU DEL\u00c0 <\/strong><br><strong>DE L&rsquo;EXISTENCE MAT\u00c9RIELLE<\/strong> <br><\/h2>\n\n\n\n<figure class=\"wp-block-image size-large is-resized\"><img loading=\"lazy\" decoding=\"async\" src=\"http:\/\/la-continuite-devoilee.com\/wp-content\/uploads\/2020\/02\/WEB_000_SCHEMCONT_VotreNotreDOMAINE_SanTextSanLogo_SanSite_M2-1024x629.png\" alt=\"\" class=\"wp-image-154\" width=\"770\" height=\"473\" srcset=\"https:\/\/la-continuite-devoilee.com\/wp-content\/uploads\/2020\/02\/WEB_000_SCHEMCONT_VotreNotreDOMAINE_SanTextSanLogo_SanSite_M2-1024x629.png 1024w, https:\/\/la-continuite-devoilee.com\/wp-content\/uploads\/2020\/02\/WEB_000_SCHEMCONT_VotreNotreDOMAINE_SanTextSanLogo_SanSite_M2-300x184.png 300w, https:\/\/la-continuite-devoilee.com\/wp-content\/uploads\/2020\/02\/WEB_000_SCHEMCONT_VotreNotreDOMAINE_SanTextSanLogo_SanSite_M2-768x471.png 768w, https:\/\/la-continuite-devoilee.com\/wp-content\/uploads\/2020\/02\/WEB_000_SCHEMCONT_VotreNotreDOMAINE_SanTextSanLogo_SanSite_M2-1536x943.png 1536w, https:\/\/la-continuite-devoilee.com\/wp-content\/uploads\/2020\/02\/WEB_000_SCHEMCONT_VotreNotreDOMAINE_SanTextSanLogo_SanSite_M2.png 1769w\" sizes=\"auto, (max-width: 767px) 89vw, (max-width: 1000px) 54vw, (max-width: 1071px) 543px, 580px\" \/><\/figure>\n\n\n\n<p><\/p>\n\n\n\n<p><\/p>\n\n\n\n<figure class=\"wp-block-image size-large\"><img loading=\"lazy\" decoding=\"async\" width=\"362\" height=\"682\" src=\"http:\/\/la-continuite-devoilee.com\/wp-content\/uploads\/2020\/02\/DEV_CONT_TXT_K2.png\" alt=\"\" class=\"wp-image-375\" srcset=\"https:\/\/la-continuite-devoilee.com\/wp-content\/uploads\/2020\/02\/DEV_CONT_TXT_K2.png 362w, https:\/\/la-continuite-devoilee.com\/wp-content\/uploads\/2020\/02\/DEV_CONT_TXT_K2-159x300.png 159w\" sizes=\"auto, (max-width: 362px) 100vw, 362px\" \/><\/figure>\n\n\n\n<figure class=\"wp-block-image size-large\"><img loading=\"lazy\" decoding=\"async\" width=\"415\" height=\"690\" src=\"http:\/\/la-continuite-devoilee.com\/wp-content\/uploads\/2020\/02\/NOUS_ANGES_DEVOILONS_K2.png\" alt=\"\" class=\"wp-image-376\" srcset=\"https:\/\/la-continuite-devoilee.com\/wp-content\/uploads\/2020\/02\/NOUS_ANGES_DEVOILONS_K2.png 415w, https:\/\/la-continuite-devoilee.com\/wp-content\/uploads\/2020\/02\/NOUS_ANGES_DEVOILONS_K2-180x300.png 180w\" sizes=\"auto, (max-width: 415px) 100vw, 415px\" \/><\/figure>\n\n\n\n<p>____________________________________________<\/p>\n\n\n\n<figure class=\"wp-block-image size-large\"><img loading=\"lazy\" decoding=\"async\" width=\"407\" height=\"671\" src=\"http:\/\/la-continuite-devoilee.com\/wp-content\/uploads\/2020\/02\/DEV_CONT_ILLUSTR_K2.png\" alt=\"\" class=\"wp-image-374\" srcset=\"https:\/\/la-continuite-devoilee.com\/wp-content\/uploads\/2020\/02\/DEV_CONT_ILLUSTR_K2.png 407w, https:\/\/la-continuite-devoilee.com\/wp-content\/uploads\/2020\/02\/DEV_CONT_ILLUSTR_K2-182x300.png 182w\" sizes=\"auto, (max-width: 407px) 100vw, 407px\" \/><\/figure>\n\n\n\n<p>LA TOTALIT\u00c9 <br>DES<br>\u2022 TEXTES,  <br>\u2022 LIVRES,<br>\u2022 ILLUSTRATIONS <br>\u2022 VID\u00c9OS&#8230;<br> SERA BIENT\u00d4T  ACCESSIBLE<br> EN LIGNE ICI<\/p>\n\n\n\n<p><\/p>\n\n\n\n<figure class=\"wp-block-image size-large is-resized\"><img loading=\"lazy\" decoding=\"async\" src=\"http:\/\/la-continuite-devoilee.com\/wp-content\/uploads\/2020\/02\/VISUEL_CUMUL-LIVRES-ORDI_K2.png\" alt=\"\" class=\"wp-image-243\" width=\"750\" height=\"476\" srcset=\"https:\/\/la-continuite-devoilee.com\/wp-content\/uploads\/2020\/02\/VISUEL_CUMUL-LIVRES-ORDI_K2.png 940w, https:\/\/la-continuite-devoilee.com\/wp-content\/uploads\/2020\/02\/VISUEL_CUMUL-LIVRES-ORDI_K2-300x190.png 300w, https:\/\/la-continuite-devoilee.com\/wp-content\/uploads\/2020\/02\/VISUEL_CUMUL-LIVRES-ORDI_K2-768x487.png 768w\" sizes=\"auto, (max-width: 706px) 89vw, (max-width: 767px) 82vw, 740px\" \/><\/figure>\n\n\n\n<p><\/p>\n\n\n\n<p><strong>CONSULTER LIRE <\/strong><\/p>\n\n\n\n<p><strong>CONSULTER REGARDER<\/strong><\/p>\n\n\n\n<p><\/p>\n\n\n\n<p>SITE D\u00c9DI\u00c9.  <strong>  LA CONTINUIT\u00c9 D\u00c9VOIL\u00c9E.ORG<\/strong><\/p>\n\n\n\n<p><a href=\"http:\/\/www.la-continuite-devoilee.org\">http:\/\/www.la-continuite-devoilee.org<\/a><\/p>\n\n\n\n<p><\/p>\n\n\n\n<p>DOCUMENT INTERACTIF <br><strong>LA CONTINUIT\u00c9 D\u00c9VOIL\u00c9E<\/strong><\/p>\n\n\n\n<p><a href=\"https:\/\/indd.adobe.com\/view\/a78d79de-0222-4e59-89cf-26544ab7884c\">https:\/\/indd.adobe.com\/view\/a78d79de-0222-4e59-89cf-26544ab7884c<\/a><\/p>\n\n\n\n<p><\/p>\n\n\n\n<p><\/p>\n","protected":false},"excerpt":{"rendered":"<p>L&rsquo;ENSEMBLE DES DOCUMENTS PR\u00c9SENT\u00c9S ICI, ONT \u00c9T\u00c9S RECUEILLIS&nbsp; par \u201cun scribe\u201d, par \u201cun transcripteur\u201d, recevant&nbsp; par \u00ab\u00a0channelling\u00a0\u00bb, par&nbsp; canalisation, des communicationsaupr\u00e8s du PREMIER ANGE AMOUR CONSULTER&lsquo;le transcripteur&rsquo;PROPOS TRANSCRITS ______________ LA FINALIT\u00c9 des paroles, des textes, des visuelsdes messages, AINSI RECUEILLIS S\u2019AV\u00c8RE \u00caTRE DE NATURE\u00c0 R\u00c9V\u00c9LER&nbsp; LA CONTINUIT\u00c9 POSSIBLE DE L&rsquo;AMOURAU DEL\u00c0 DE L&rsquo;EXISTENCE MAT\u00c9RIELLE ____________________________________________ &hellip; <\/p>\n<p class=\"link-more\"><a href=\"https:\/\/la-continuite-devoilee.com\/index.php\/la-continuite-devoilee\/\" class=\"more-link\">Continuer la lecture<span class=\"screen-reader-text\"> de &laquo;&nbsp;LA CONTINUIT\u00c9 D\u00c9VOIL\u00c9E&nbsp;&raquo;<\/span><\/a><\/p>\n","protected":false},"author":1,"featured_media":0,"parent":0,"menu_order":0,"comment_status":"closed","ping_status":"closed","template":"","meta":{"footnotes":""},"class_list":["post-197","page","type-page","status-publish","hentry"],"_links":{"self":[{"href":"https:\/\/la-continuite-devoilee.com\/index.php\/wp-json\/wp\/v2\/pages\/197","targetHints":{"allow":["GET"]}}],"collection":[{"href":"https:\/\/la-continuite-devoilee.com\/index.php\/wp-json\/wp\/v2\/pages"}],"about":[{"href":"https:\/\/la-continuite-devoilee.com\/index.php\/wp-json\/wp\/v2\/types\/page"}],"author":[{"embeddable":true,"href":"https:\/\/la-continuite-devoilee.com\/index.php\/wp-json\/wp\/v2\/users\/1"}],"replies":[{"embeddable":true,"href":"https:\/\/la-continuite-devoilee.com\/index.php\/wp-json\/wp\/v2\/comments?post=197"}],"version-history":[{"count":15,"href":"https:\/\/la-continuite-devoilee.com\/index.php\/wp-json\/wp\/v2\/pages\/197\/revisions"}],"predecessor-version":[{"id":377,"href":"https:\/\/la-continuite-devoilee.com\/index.php\/wp-json\/wp\/v2\/pages\/197\/revisions\/377"}],"wp:attachment":[{"href":"https:\/\/la-continuite-devoilee.com\/index.php\/wp-json\/wp\/v2\/media?parent=197"}],"curies":[{"name":"wp","href":"https:\/\/api.w.org\/{rel}","templated":true}]}}